(q) be the second derivative of 2*q**3/3 - 2*q. List the prime factors of c(4).
2
Suppose -799 = -4*q + 3*b, 1019 = q + 4*q + 3*b. List the prime factors of q.
2, 101
Let d(q) = -q - 2. Suppose 5*p = -30 - 25. Let i = p + 4. What are the prime factors of d(i)?
5
Let m be (-1 - -9)/((-2)/(-8)). Let g = m - 21. What are the prime factors of g?
11
What are the prime factors of 101/4 - 30/(-40)?
2, 13
Suppose -4*p + 2*p = 32. Let w = 40 + p. What are the prime factors of w?
2, 3
Let y(g) = 8*g - 5. List the prime factors of y(2).
11
Suppose -2*p = -2*t + 146, -5*t + 3*t - p = -161. List the prime factors of t.
2, 3, 13
Let m be -1*(3 + 2 - 2). List the prime factors of 2 + 6 + (m - -2).
7
Suppose 0 = -0*w + w - 5*v - 79, -w - v = -61. Suppose -2*m = 24 - w. What are the prime factors of m?
2, 5
Suppose -4*w - 17 = -5*w. Let p = w - 3. What are the prime factors of p?
2, 7
What are the prime factors of 1*((-3)/(-1) + 73)?
2, 19
Let g be (-1)/4 - 327/(-12). Suppose -k = 5*s + 22, -3*k - k + 3*s + g = 0. Suppose 3 + k = 3*p. What are the prime factors of p?
2
Suppose 0 = -w - 0*w. Suppose 6*f - 2*f = 4, 3*c + 4*f - 10 = w. Suppose -4*n + 40 = -0*r - 2*r, c*n + r = 16. List the prime factors of n.
3
Let y(a) = 2 - a**2 - 3 + 6 + 8*a + 0. List the prime factors of y(6).
17
Let q be (-4 - -1)/((-1)/28). Suppose -14 = 5*z - q. List the prime factors of z.
2, 7
Suppose 4*l + 0 = 12. What are the prime factors of 2*(-40)/(l + -7)?
2, 5
Let q(r) = 4*r - 2. List the prime factors of q(7).
2, 13
Suppose 4*y = -8, -10 = -d + 6*d + 5*y. Suppose k = -d*k + 24. Suppose 5*m = -g + k, -g - 2*g - 3 = 0. List the prime factors of m.
5
Let r(s) = 2*s + 25. What are the prime factors of r(7)?
3, 13
Let n = 363 + -210. List the prime factors of n.
3, 17
Let l = 7 + 6. Let o = l - 6. Let b = o - 1. What are the prime factors of b?
2, 3
Suppose 3*t = 5*u - 222, -129 = -3*u + 2*t + 4. List the prime factors of u.
3, 5
Let q(m) = 9*m + 8. Let z(o) = -10*o - 8. Let y(a) = -7*q(a) - 6*z(a). Let v = -29 + 23. What are the prime factors of y(v)?
2, 5
Let r = 10 - 17. List the prime factors of (12/r)/((-10)/70).
2, 3
Let c = 13 + -10. Suppose q - 80 = -c*q. What are the prime factors of q?
2, 5
Let f be (1/(-9))/((-1)/9). Suppose 3*y = -n + 4, 0 = 3*n + 4*y - 6 - 1. Suppose -f - n = -k. What are the prime factors of k?
2
List the prime factors of (-3 + 2)*(-179 + (-2 - 0)).
181
Let g be 24/(-9)*(-3)/2. Let r be g/20 + 108/10. Let c = 24 - r. List the prime factors of c.
13
Suppose -9 = -r + 22. Suppose r = -5*d - 2*i, -2*i + 4 = -d - 7. List the prime factors of -1 - 0 - d - -2.
2
Suppose 8*i + 16 = 9*i. What are the prime factors of i?
2
Let c(n) = 10*n**2 + 2*n + 1. Let a be c(-1). List the prime factors of 16 - (-2)/(6/a).
19
Let o be 1*0*(-2)/(-6). Let m = -1 + o. Let q = m + 13. What are the prime factors of q?
2, 3
Suppose 4*b - b = 12. Suppose -4*c + 2*c + b = 0. Suppose -7 = c*v - 3*v. List the prime factors of v.
7
Suppose 134 = -3*t - 2*d + 595, -3*d = -5*t + 781. What are the prime factors of t?
5, 31
Suppose 5*r = -o + 135, -r + 137 = 3*r - 5*o. List the prime factors of r.
2, 7
Suppose 2*q - 5*l - 10 = 11, -l - 9 = -2*q. Suppose -4*z = -u - 0*z + 17, 0 = 5*u + 2*z - 41. Let a = q + u. List the prime factors of a.
2, 3
Let l = -67 - -67. Let u be (1 - (-8)/(-2))*-1. Suppose 2*g - 2*n - 26 = l, u*g - 5*n = -n + 36. What are the prime factors of g?
2
Let i(o) = 27*o - 13. What are the prime factors of i(5)?
2, 61
Let k = 19 + 94. List the prime factors of k.
113
Suppose -120 = 4*d - 9*d. List the prime factors of d.
2, 3
Suppose 26 = w - 5*l, 2*w - l + 3 = 10. Let g(f) = -3 - 7*f - 5 + 2 - f**2 - w. List the prime factors of g(-5).
3
Let r(y) = -y**3 - y**2. Let g(h) = h**3 + 2*h + 2. Let a(s) = -g(s) - 3*r(s). List the prime factors of a(2).
2, 11
Let v be 9/(-2)*32/48. What are the prime factors of (3/4)/(v/(-120))?
2, 3, 5
Suppose 3 = -4*v + 3*v. Let j = 28 + v. List the prime factors of j.
5
Suppose -4*g + 646 = -2*i, -5*g = -2*i - 2*i - 815. List the prime factors of g.
3, 53
Suppose 3*p - 10 = -1. Suppose -3*q - p*d - 9 = 0, -2*q + 5*d = 1 - 2. Let i = q - -6. List the prime factors of i.
2
Let h be -12*(6/4 - 2). Let s(y) be the third derivative of y**6/120 - y**5/12 - 5*y**4/24 - y**2. What are the prime factors of s(h)?
2, 3
Let r be 44/198 + 302/18. Let m = 59 - r. List the prime factors of m.
2, 3, 7
Suppose -3*b + 7*b - 348 = 0. What are the prime factors of b?
3, 29
Suppose -7 + 5 = -2*m. List the prime factors of m/4 + (-354)/(-24).
3, 5
Let x(u) = 11*u. What are the prime factors of x(1)?
11
Let b(u) = -u**3 - 11*u**2 - u - 9. Let o be b(-11). Suppose -5 = o*i - 3*i. Suppose -8 = -2*d - 3*h + 3, i*h = -4*d + 25. List the prime factors of d.
2, 5
Suppose 4*a - 26 = -2*j, -2*a - 9 = -5*j - 4. What are the prime factors of (-19)/((-1 + j)/(-2))?
19
Let r(w) = -w**3 + 8*w**2 - 2*w + 9. Let g be r(8). Let f = g - -16. List the prime factors of f.
3
Suppose 4*d + 1 + 11 = 0. What are the prime factors of (d - -3*8) + -1?
2, 5
Suppose 0 = t - 4*p + 26, 6*t + 29 = 2*t + p. Let a be 8*(-1 + (-9)/t). Suppose 90 = 2*m + 3*m - 5*w, a*m - 5*w = 75. List the prime factors of m.
3, 5
Let o(h) = -h**3 + 4*h + 3. Let q be o(-2). Suppose m - 116 = -q*m. List the prime factors of m.
29
Let r(h) = -3*h - 2. What are the prime factors of r(-22)?
2
What are the prime factors of (-197)/(-3) - 7/(-21)?
2, 3, 11
Suppose -3*i = -2*i + 3. List the prime factors of (4 + i)*8/2.
2
Let c(x) = 5*x**2 + 8*x - 5. List the prime factors of c(-5).
2, 5
Let n(h) = -14*h - 3. Suppose -2*v + 6 = o - 2*o, 5*o - 4*v + 18 = 0. What are the prime factors of n(o)?
5
Let y be 6/15 - (-54)/15. Suppose -o - o - y = 0. What are the prime factors of (-30)/9*3/o?
5
Let t(q) be the first derivative of -q**2/2 + 9*q + 1. List the prime factors of t(-10).
19
Let h(q) = q + 2. Let f be h(0). Suppose 3*b + 24 = 4*i, f*i + 2*b = 12 + 14. What are the prime factors of i?
3
Let i be (-2)/(-10) - (-208)/(-40). What are the prime factors of 2 + (-2)/1 - i?
5
Suppose 0 = 2*a - 5*a. Let k(r) = -1 + 5 - 3*r**2 + 2*r**2 - r**3. List the prime factors of k(a).
2
List the prime factors of 24 + (-3 - -2) + 3.
2, 13
Suppose 4*j - 2 = -0*v - 2*v, -4 = 4*j. List the prime factors of v.
3
Let d(f) = f**3 + 11*f**2 + 6*f - 6. List the prime factors of d(-10).
2, 17
Let u(d) = d**3 - 5*d**2 + 2*d - 2. List the prime factors of u(6).
2, 23
Let x be 3*2 - (-1)/(-1). Suppose 0 = -x*l + 13 + 127. Suppose 5*k + l = 68. What are the prime factors of k?
2
Suppose -2*l - 7 = -5*d, -7 + 3 = 4*d. List the prime factors of (-125)/(-6) - 1/l.
3, 7
Suppose -k + 5*k = 0. Let a be ((-15)/(-3))/(k + 1). Suppose -11 = -3*c - 0*v + 4*v, -5*v - a = -2*c. List the prime factors of c.
5
Suppose 176 - 34 = h + i, -2*i = h - 138. List the prime factors of h.
2, 73
Suppose -4*p + 13 + 43 = 0. List the prime factors of p.
2, 7
Let b(q) = -q**3 + 11*q**2 + 13*q - 7. List the prime factors of b(12).
5
Suppose j - 31 - 6 = 5*c, -2*c = -j + 22. Suppose -a + 4 = j. Let m(f) = -f**3 - 9*f**2 - 9*f - 4. What are the prime factors of m(a)?
2
Let k = -151 - -215. Let u = -35 + k. Suppose 3*y = -8 + u. What are the prime factors of y?
7
Suppose 10*p - 124 = 6*p. What are the prime factors of p?
31
Suppose 5*b = 186 + 254. What are the prime factors of b?
2, 11
Let x be 0/((-1)/(-1 - 0)). Let k(a) = a**3 + 5. Let i be k(x). List the prime factors of 37/5 + (-2)/i.
7
Let z = 201 - 103. List the prime factors of z.
2, 7
Let g(j) = -5*j - 2 - 4*j - 4*j. Let c be g(-2). Suppose 2*k - 4*k = -c. What are the prime factors of k?
2, 3
Suppose -3*z = -z + 4. Let q = 1 - 5. Let l = z - q. What are the prime factors of l?
2
Let g(l) = 2*l**2 - 2*l - 3. Let f be g(-2). Suppose -3*i = -f + 3. List the prime factors of i.
2
Let y(d) = d**3 - 5*d**2 - 9*d + 8. Let b be y(7). Let o be (-2)/12 + b/6. Suppose r - 15 = c, 2*c - o = 5*r - 85. What are the prime factors of r?
2
Let p(x) = -9*x - 7. Let z be p(-8). Suppose -2*v = 3*v - z. What are the prime factors of v?
13
Suppose -2*o - 2 = -4*k + 18, -4*k + 24 = -3*o. What are the prime factors of o/18 - (-173)/9?
19
Let b be (-2)/6 - 30/(-9). Suppose 3*g - b = 0, 2*p + p - 5*g - 31 = 0. What are the prime factors of p?
2, 